{"id":43,"date":"2022-03-17T10:43:00","date_gmt":"2022-03-17T10:43:00","guid":{"rendered":"http:\/\/digidozent.bfz.cz\/?page_id=43"},"modified":"2023-10-28T09:49:58","modified_gmt":"2023-10-28T09:49:58","slug":"der-digidozent","status":"publish","type":"page","link":"https:\/\/www.digidozent.akredika.cz\/","title":{"rendered":"Der digiDozent"},"content":{"rendered":"\n<h1 class=\"is-style-default\" style=\"margin-top:120px\">Der DigiDozent<\/h1>\n\n\n\n<p class=\"is-style-default\">Der Weg zu universellen digitalen Dozenten und Organisatoren von Schulungsaktivit\u00e4ten.<\/p>\n\n\n\n<div class=\"wp-block-columns is-layout-flex wp-container-core-columns-is-layout-28f84493 wp-block-columns-is-layout-flex\">\n<div class=\"wp-block-column is-layout-flow wp-block-column-is-layout-flow\" style=\"flex-basis:33.34%\">\n<div class=\"wp-block-group is-layout-flow wp-block-group-is-layout-flow\">\n<div class=\"wp-block-columns is-layout-flex wp-container-core-columns-is-layout-28f84493 wp-block-columns-is-layout-flex\">\n<div class=\"wp-block-column is-layout-flow wp-block-column-is-layout-flow\" style=\"flex-basis:100%\">\n<figure class=\"wp-block-image size-large\"><img decoding=\"async\" src=\"https:\/\/digidozent.bfz.cz\/wp-content\/uploads\/2022\/03\/foto_1.jpg\" alt=\"\"\/><figcaption class=\"wp-element-caption\"><a href=\"http:\/\/digidozent.bfz.cz\/index.php\/die-projekt-partner\/\" data-type=\"page\" data-id=\"70\">5 Projekt-Partner aus 3 L\u00e4ndern sind Projektdurchf\u00fchrende. Lesen Sie mehr &#8230;<\/a><\/figcaption><\/figure>\n<\/div>\n<\/div>\n<\/div>\n<\/div>\n\n\n\n<div class=\"wp-block-column is-layout-flow wp-block-column-is-layout-flow\" style=\"flex-basis:33.34%\">\n<figure class=\"wp-block-image size-large\"><img decoding=\"async\" src=\"https:\/\/digidozent.bfz.cz\/wp-content\/uploads\/2022\/03\/foto_3.jpg\" alt=\"\"\/><figcaption class=\"wp-element-caption\"><a href=\"http:\/\/digidozent.bfz.cz\/index.php\/uber-das-projekt\/\" data-type=\"page\" data-id=\"68\">Weitere Informationen zum Projekt finden Sie hier &#8230;<\/a><\/figcaption><\/figure>\n<\/div>\n\n\n\n<div class=\"wp-block-column is-layout-flow wp-block-column-is-layout-flow\" style=\"flex-basis:33.33%\">\n<figure class=\"wp-block-image size-large\"><img decoding=\"async\" src=\"https:\/\/digidozent.bfz.cz\/wp-content\/uploads\/2022\/03\/foto_2.jpg\" alt=\"\"\/><figcaption class=\"wp-element-caption\"><a href=\"http:\/\/digidozent.bfz.cz\/index.php\/die-module\/\" data-type=\"page\" data-id=\"177\">Im Rahmen des Projekts entstehen eLearning-Module. Hier findet sich eine \u00dcbersicht.<\/a><\/figcaption><\/figure>\n<\/div>\n<\/div>\n\n\n\n<p>In diesem Projekt wird ein modulares Kursangebot erarbeitet, dass das theoretische und praktische Hintergrundwissen f\u00fcr Trainer, Lehrer und Organisatoren von Schulungs- und Qualifizierungsma\u00dfnahmen vermittelt. Sie erfahren, wie Wissensvermittlung und Wissensaufnahme mit Neuen Medien erfolgt und welche entscheidende Rolle sie dabei spielen. Es werden grundlegende didaktische und methodische Verfahren erl\u00e4utert, die beim sp\u00e4teren Einsatz unerl\u00e4sslich sind.<br>Das Gesamtangebot umfasst 10 Themen und ist modular aufgebaut. Es kann individuell auf Kenntnisse und F\u00e4higkeiten der Zielgruppe zusammengestellt werden und wird ausschliesslich \u00fcber das Internet synchron\/asynchron durchgef\u00fchrt.<\/p>\n\n\n\n<figure class=\"wp-block-image aligncenter size-large\"><img decoding=\"async\" src=\"https:\/\/digidozent.bfz.cz\/wp-content\/uploads\/2022\/03\/grafik_de-1-1024x287.png\" alt=\"\"\/><\/figure>\n\n\n\n<p>Basis f\u00fcr die Gesamtkonzeption bildet das LMS mit all seinen Inhalten und Funktionalit\u00e4ten aus dem Erasmusprojekt \u201eDie Moderne Ausbildung\u201c 2017-1-CZ01-KA202-035472.<\/p>\n","protected":false},"excerpt":{"rendered":"<p>Der DigiDozent Der Weg zu universellen digitalen Dozenten und Organisatoren von Schulungsaktivit\u00e4ten. In diesem Projekt wird ein modulares Kursangebot erarbeitet,<span class=\"more-dots\">&#8230;<\/span><\/p>\n","protected":false},"author":1,"featured_media":0,"parent":0,"menu_order":0,"comment_status":"closed","ping_status":"closed","template":"page-templates\/no-sidebar-no-title.php","meta":{"footnotes":""},"class_list":["post-43","page","type-page","status-publish","hentry","no-post-thumbnail"],"_links":{"self":[{"href":"https:\/\/www.digidozent.akredika.cz\/index.php\/wp-json\/wp\/v2\/pages\/43","targetHints":{"allow":["GET"]}}],"collection":[{"href":"https:\/\/www.digidozent.akredika.cz\/index.php\/wp-json\/wp\/v2\/pages"}],"about":[{"href":"https:\/\/www.digidozent.akredika.cz\/index.php\/wp-json\/wp\/v2\/types\/page"}],"author":[{"embeddable":true,"href":"https:\/\/www.digidozent.akredika.cz\/index.php\/wp-json\/wp\/v2\/users\/1"}],"replies":[{"embeddable":true,"href":"https:\/\/www.digidozent.akredika.cz\/index.php\/wp-json\/wp\/v2\/comments?post=43"}],"version-history":[{"count":17,"href":"https:\/\/www.digidozent.akredika.cz\/index.php\/wp-json\/wp\/v2\/pages\/43\/revisions"}],"predecessor-version":[{"id":394,"href":"https:\/\/www.digidozent.akredika.cz\/index.php\/wp-json\/wp\/v2\/pages\/43\/revisions\/394"}],"wp:attachment":[{"href":"https:\/\/www.digidozent.akredika.cz\/index.php\/wp-json\/wp\/v2\/media?parent=43"}],"curies":[{"name":"wp","href":"https:\/\/api.w.org\/{rel}","templated":true}]}}